d 46.
23
What is the highest common divisor of 90 and 27765?
45
Calculate the highest common divisor of 12 and 120.
12
Calculate the highest common divisor of 136 and 901.
17
Calculate the highest common divisor of 1 and 71.
1
Calculate the highest common factor of 222 and 2553.
111
Calculate the greatest common factor of 32 and 262.
2
Calculate the highest common factor of 35 and 145.
5
Calculate the greatest common divisor of 133 and 35.
7
Calculate the highest common divisor of 1565 and 20.
5
Calculate the greatest common factor of 215 and 15.
5
What is the highest common divisor of 25848 and 18?
18
Calculate the highest common factor of 53487 and 7.
7
Calculate the greatest common factor of 663 and 51.
51
Calculate the greatest common factor of 5360 and 160.
80
Calculate the greatest common divisor of 24 and 136.
8
What is the greatest common divisor of 546 and 8099?
91
What is the greatest common factor of 340 and 160?
20
What is the highest common factor of 326 and 489?
163
What is the greatest common factor of 954 and 424?
106
Calculate the highest common factor of 1139 and 536.
67
Calculate the greatest common divisor of 312 and 26000.
104
Calculate the greatest common divisor of 5652 and 180.
36
What is the greatest common divisor of 380 and 130?
10
What is the highest common factor of 784 and 16?
16
Calculate the highest common factor of 126 and 216.
18
What is the highest common divisor of 46 and 46?
46
What is the greatest common factor of 216 and 132?
12
Calculate the greatest common factor of 250 and 20.
10
What is the highest common divisor of 46150 and 39?
13
Calculate the highest common factor of 12 and 9852.
12
What is the highest common divisor of 504 and 63?
63
Calculate the greatest common divisor of 120 and 12372.
12
Calculate the greatest common factor of 35 and 3395.
35
What is the highest common divisor of 150 and 100?
50
What is the highest common factor of 2806 and 244?
122
Calculate the greatest common divisor of 28 and 56.
28
Calculate the greatest common factor of 28 and 2492.
28
Calculate the greatest common factor of 722 and 114.
38
Calculate the highest common factor of 59 and 295.
59
What is the highest common factor of 240 and 465?
15
Calculate the highest common divisor of 15592 and 8.
8
What is the highest common factor of 267 and 3?
3
What is the greatest common divisor of 676 and 468?
52
Calculate the highest common divisor of 225 and 50.
25
What is the highest common divisor of 57 and 399?
57
What is the highest common divisor of 14672 and 336?
112
Calculate the greatest common divisor of 108 and 36.
36
Calculate the highest common factor of 1302 and 84.
42
What is the highest common divisor of 18 and 45?
9
What is the highest common factor of 228 and 444?
12
What is the greatest common divisor of 1926 and 54?
18
What is the greatest common divisor of 672 and 42?
42
What is the highest common factor of 2662 and 1694?
242
Calculate the greatest common factor of 792 and 440.
88
What is the greatest common divisor of 19 and 38?
19
Calculate the greatest common divisor of 183 and 671.
61
What is the greatest common divisor of 221 and 85?
17
Calculate the highest common factor of 324 and 522.
18
What is the highest common divisor of 535 and 35?
5
Calculate the greatest common factor of 141 and 3243.
141
What is the highest common factor of 12 and 120?
12
Calculate the highest common divisor of 4044 and 12.
12
What is the greatest common factor of 1264 and 16?
16
What is the highest common divisor of 12 and 4146?
6
What is the greatest common factor of 86 and 16469?
43
Calculate the highest common divisor of 172 and 215.
43
Calculate the greatest common factor of 562 and 16.
2
What is the highest common divisor of 13 and 3?
1
What is the highest common factor of 40 and 180?
20
What is the highest common divisor of 91 and 117?
13
What is the highest common divisor of 12 and 100?
4
Calculate the greatest common divisor of 9374 and 86.
86
What is the greatest common divisor of 1331 and 583?
11
Calculate the greatest common factor of 220 and 198.
22
Calculate the greatest common factor of 3400 and 102.
34
Calculate the highest common factor of 46 and 68.
2
Calculate the highest common factor of 2 and 27.
1
Calculate the highest common divisor of 162 and 738.
18
Calculate the greatest common factor of 18924 and 114.
114
What is the highest common factor of 8005 and 5?
5
What is the highest common divisor of 75 and 1725?
75
What is the highest common factor of 1421 and 29?
29
Calculate the highest common divisor of 918 and 408.
102
Calculate the greatest common divisor of 531 and 14691.
177
Calculate the highest common divisor of 621 and 153.
9
Calculate the greatest common divisor of 2425 and 25.
25
What is the highest common divisor of 5 and 2285?
5
What is the greatest common divisor of 681 and 3?
3
Calculate the highest common divisor of 231 and 3619.
77
Calculate the highest common factor of 1548 and 344.
172
Calculate the highest common factor of 161 and 7.
7
Calculate the highest common divisor of 20 and 216.
4
Calculate the greatest common factor of 580 and 406.
58
What is the greatest common factor of 774 and 36?
18
Calculate the greatest common divisor of 1232 and 231.
77
Calculate the greatest common divisor of 436 and 32.
4
Calculate the highest common factor of 589 and 2449.
31
What is the highest common factor of 1442 and 462?
14
What is the highest common divisor of 52 and 13?
13
Calculate the highest common factor of 175 and 25.
25
Calculate the greatest common divisor of 4910 and 10.
10
Calculate the greatest common factor of 970 and 30.
10
Calculate the greatest common factor of 215 and 25.
5
What is the greatest common factor of 72 and 1200?
24
What is the highest common divisor of 24 and 2136?
24
What is the highest common divisor of 240 and 188?
4
Calculate the greatest common divisor of 632 and 12.
4
Calculate the highest common factor of 897 and 276.
69
Calculate the highest common factor of 290 and 10.
10
What is the highest common divisor of 64 and 1104?
16
What is the greatest common factor of 156 and 5664?
12
Calculate the highest common factor of 112 and 378.
14
Calculate the highest common factor of 10 and 320.
10
Calculate the greatest common divisor of 298 and 24734.
298
Calculate the greatest common divisor of 25762 and 44.
22
Calculate the greatest common factor of 539 and 441.
49
Calculate the greatest common factor of 1876 and 49.
7
What is the greatest common factor of 8670 and 408?
102
What is the highest common divisor of 17 and 901?
17
Calculate the highest common divisor of 154 and 4774.
154
What is the greatest common factor of 832 and 256?
64
Calculate the highest common factor of 70 and 266.
14
Calculate the greatest common divisor of 90 and 54.
18
What is the highest common factor of 3052 and 140?
28
What is the greatest common factor of 31 and 1147?
31
Calculate the greatest common factor of 54 and 1278.
18
Calculate the greatest common divisor of 60 and 564.
12
Calculate the highest common divisor of 9 and 12.
3
Calculate the greatest common divisor of 4 and 3030.
2
Calculate the greatest common divisor of 110 and 275.
55
Calculate the greatest common factor of 462 and 126.
42
What is the greatest common factor of 129 and 1247?
43
What is the highest common divisor of 6570 and 990?
90
Calculate the highest common divisor of 2356 and 3596.
124
Calculate the highest common divisor of 119 and 7.
7
Calculate the highest common factor of 24 and 128.
8
What is the greatest common divisor of 1219 and 1104?
23
What is the greatest common divisor of 43 and 989?
43
Calculate the greatest common divisor of 160 and 35.
5
What is the highest common factor of 19 and 1539?
19
What is the greatest common divisor of 243 and 432?
27
Calculate the highest common divisor of 41 and 20377.
41
What is the greatest common factor of 852 and 132?
12
What is the highest common divisor of 1290 and 480?
30
What is the greatest common factor of 40 and 2980?
20
Calculate the highest common factor of 836 and 1216.
76
What is the highest common factor of 26 and 13312?
26
What is the highest common factor of 854 and 732?
122
What is the highest common divisor of 13 and 43?
1
Calculate the greatest c